rs of 87118237.
87118237
List the prime factors of 62934231.
3, 20978077
List the prime factors of 1173940.
2, 5, 79, 743
What are the prime factors of 108201614?
2, 23, 47, 50047
List the prime factors of 106915009.
7621, 14029
List the prime factors of 342067963.
19, 29, 620813
List the prime factors of 18974721.
3, 61, 103687
What are the prime factors of 3036333017?
23, 8059, 16381
What are the prime factors of 2601068163?
3, 137, 6328633
What are the prime factors of 961959103?
7, 137422729
List the prime factors of 136812614.
2, 1171, 58417
What are the prime factors of 3103094245?
5, 311, 661, 3019
List the prime factors of 323292409.
11, 1249, 23531
What are the prime factors of 3380285?
5, 676057
List the prime factors of 61095392.
2, 1909231
What are the prime factors of 27806498?
2, 103, 347, 389
What are the prime factors of 1154833669?
11, 31, 3386609
What are the prime factors of 27407462?
2, 19, 331, 2179
List the prime factors of 37521943.
67, 560029
List the prime factors of 192571932.
2, 3, 7, 2292523
List the prime factors of 911669230.
2, 5, 29, 43, 2521
List the prime factors of 72113625.
3, 5, 23, 929
What are the prime factors of 75156269?
17, 71, 877
List the prime factors of 3247489112.
2, 7, 37, 223903
List the prime factors of 162338953.
7, 83, 279413
List the prime factors of 39500495.
5, 71, 111269
List the prime factors of 2340296883.
3, 137, 1898051
What are the prime factors of 254559613?
7, 11, 43, 76883
List the prime factors of 23589952.
2, 368593
List the prime factors of 28042304.
2, 29, 521
List the prime factors of 1902744543.
3, 7, 90606883
List the prime factors of 80576974.
2, 17, 61, 38851
What are the prime factors of 531576077?
17, 37, 71, 11903
What are the prime factors of 65392099?
863, 75773
What are the prime factors of 4884388174?
2, 89, 229, 119827
List the prime factors of 1853926323.
3, 73, 733, 11549
What are the prime factors of 3831144753?
3, 23, 109, 509393
What are the prime factors of 1224385454?
2, 263, 2327729
What are the prime factors of 4162400856?
2, 3, 29, 137, 14551
What are the prime factors of 37134241?
43, 769, 1123
What are the prime factors of 1948909334?
2, 41, 373, 63719
What are the prime factors of 5708199752?
2, 17, 1873, 22409
List the prime factors of 352975570.
2, 5, 131, 211, 1277
What are the prime factors of 356920670?
2, 5, 23, 31, 113, 443
What are the prime factors of 255376883?
12007, 21269
What are the prime factors of 27130201?
7, 3875743
List the prime factors of 110001777.
3, 37, 409, 2423
List the prime factors of 935207018.
2, 19, 24610711
List the prime factors of 81069547.
13, 1087, 5737
What are the prime factors of 99864323?
13, 19, 404309
List the prime factors of 73045783.
179, 408077
What are the prime factors of 204287739?
3, 68095913
List the prime factors of 391411811.
7, 29, 661, 2917
What are the prime factors of 66901353?
3, 22300451
List the prime factors of 181372822.
2, 19, 2087, 2287
What are the prime factors of 999804474?
2, 3, 283, 196271
What are the prime factors of 796972921?
101, 307, 25703
List the prime factors of 66343353.
3, 22114451
What are the prime factors of 410392050?
2, 3, 5, 29, 94343
What are the prime factors of 100290214?
2, 3121, 16067
List the prime factors of 29888321.
269, 111109
What are the prime factors of 7611356?
2, 1902839
What are the prime factors of 116783150?
2, 5, 11, 97, 199
What are the prime factors of 5919102476?
2, 7, 211396517
What are the prime factors of 510888627?
3, 23, 11923
What are the prime factors of 155901098?
2, 77950549
List the prime factors of 54407878.
2, 7, 191, 20347
What are the prime factors of 1374024?
2, 3, 57251
List the prime factors of 1654759786.
2, 827379893
List the prime factors of 1049128439.
103, 10185713
List the prime factors of 773430278.
2, 386715139
What are the prime factors of 7473711?
3, 7, 355891
What are the prime factors of 159561587?
159561587
What are the prime factors of 2908410244?
2, 283, 2569267
List the prime factors of 442738688.
2, 7, 89, 347
List the prime factors of 2333332794.
2, 3, 13, 347, 86209
What are the prime factors of 60959226?
2, 3, 1129, 8999
List the prime factors of 349309309.
127, 1051, 2617
What are the prime factors of 1282821323?
7, 31, 844517
What are the prime factors of 3149063698?
2, 11, 143139259
What are the prime factors of 1044876297?
3, 31, 11235229
List the prime factors of 2797717389.
3, 932572463
List the prime factors of 1511370244.
2, 17, 22226033
List the prime factors of 9292568.
2, 41, 691
List the prime factors of 81986462.
2, 4397, 9323
List the prime factors of 358781736.
2, 3, 17, 29, 30323
What are the prime factors of 568105174?
2, 7, 13, 3121457
What are the prime factors of 174599550?
2, 3, 5, 19, 2269
What are the prime factors of 703360015?
5, 401, 350803
What are the prime factors of 261085831?
261085831
List the prime factors of 184099704.
2, 3, 79, 89, 1091
What are the prime factors of 428898956?
2, 139, 771401
List the prime factors of 56894041.
56894041
What are the prime factors of 6997252?
2, 1749313
List the prime factors of 256661449.
11, 1187, 1787
List the prime factors of 534284834.
2, 267142417
What are the prime factors of 739915900?
2, 5, 101, 73259
What are the prime factors of 87873308?
2, 3511, 6257
What are the prime factors of 65446640?
2, 5, 7, 19, 6151
List the prime factors of 1096856049.
3, 12401, 29483
What are the prime factors of 66865166?
2, 89, 375647
List the prime factors of 121950532.
2, 11, 2771603
List the prime factors of 323098606.
2, 173, 933811
What are the prime factors of 274982350?
2, 5, 29, 189643
List the prime factors of 31527873.
3, 13, 79, 379
List the prime factors of 1294669146.
2, 3, 37, 5831843
What are the prime factors of 11041750?
2, 5, 29, 1523
What are the prime factors of 2349943113?
3, 7, 111902053
List the prime factors of 780170412.
2, 3, 7, 29, 320267
List the prime factors of 198333080.
2, 5, 11, 113, 3989
What are the prime factors of 690578194?
2, 43, 61, 131639
List the prime factors of 957506848.
2, 127, 235607
What are the prime factors of 2034504862?
2, 13, 78250187
What are the prime factors of 2514844360?
2, 5, 7, 1801, 4987
What are the prime factors of 224441803?
17, 53, 249103
List the prime factors of 411430316.
2, 11, 277, 33757
List the prime factors of 256184.
2, 31, 1033
List the prime factors of 365232277.
1669, 218833
List the prime factors of 5976472019.
7, 53, 89, 181001
List the prime factors of 249390111.
3, 29, 2866553
List the prime factors of 1414776995.
5, 282955399
List the prime factors of 279517981.
197, 1418873
What are the prime factors of 37834678?
2, 7, 23, 117499
What are the prime factors of 485979732?
2, 3, 7, 239, 8069
What are the prime factors of 1112036853?
3, 370678951
List the prime factors of 96792881.
31, 47, 2143
List the prime factors of 208441.
208441
List the prime factors of 4758328034.
2, 47, 50620511
What are the prime factors of 32915856?
2, 3, 685747
List the prime factors of 945882270.
2, 3, 5, 29, 362407
List the prime factors of 2941472578.
2, 11, 133703299
List the prime factors of 4984416719.
4984416719
List the prime factors of 3039124350.
2, 3, 5, 20260829
What are the prime factors of 872404896?
2, 3, 11, 73, 11317
List the prime factors of 119471223.
3, 17, 23, 179, 569
What are the prime factors of 13886297?
17, 816841
What are the prime factors of 225467838?
2, 3, 17, 736823
List the prime factors of 626857573.
626857573
List the prime factors of 377008568.
2, 131, 163, 2207
What are the prime factors of 6412650204?
2, 3, 31, 17238307
What are the prime factors of 975819211?
19843, 49177
What are the prime factors of 5338481028?
2, 3, 2749, 161831
List the prime factors of 359463838.
2, 179731919
What are the prime factors of 267040021?
267040021
List the prime factors of 39998597.
39998597
What are the prime factors of 1441401511?
11, 131036501
List the prime factors of 22209012.
2, 3, 7, 29, 1013
List the prime factors of 27670011.
3, 31, 89, 3343
List the prime factors of 287896447.
107, 2690621
List the prime factors of 2228928786.
2, 3, 7, 17, 59, 5879
What are the prime factors of 514708369?
7, 37, 1987291
What are the prime factors of 418913388?
2, 3, 17, 89, 76